{"id":19,"date":"2023-11-28T22:35:54","date_gmt":"2023-11-28T20:35:54","guid":{"rendered":"https:\/\/cabinetdiabetlugoj.ro\/?page_id=19"},"modified":"2025-10-20T15:19:28","modified_gmt":"2025-10-20T13:19:28","slug":"servicii","status":"publish","type":"page","link":"https:\/\/cabinetdiabetlugoj.ro\/?page_id=19","title":{"rendered":"Servicii"},"content":{"rendered":"\n<p>Cabinetul Diabet Zaharat, Nutri\u021bie \u0219i Boli Metabolice Dr. P\u0103duraru Ramona ofer\u0103 urm\u0103toarele servicii medicale:<br><br>\u00a0\ud83e\ude7aConsulta\u021bii de specialitate pentru diagnosticul \u015fi managementul clinic al Diabetului zaharat tip 1 \u0219i tip 2, Diabetului zaharat gesta\u021bional, Prediabetului (recomand\u0103ri de diet\u0103, modificarea stilului de via\u0163\u0103, stabilirea \u021bintelor terapeutice individualizate, educa\u0163ia terapeutic\u0103, prescrierea tratamentului);<br>\u00a0\ud83e\ude7aScreeningul, monitorizarea \u015fi tratamentul complica\u0163iilor cronice, tratamentul factorilor de risc asocia\u0163i (hipertensiune arterial\u0103, dislipidemii);<br>\u00a0\ud83e\ude7aDiagnosticul \u015fi managementul clinic al dislipidemiei, hiperuricemiei \u0219i sindromului metabolic;<br>\u00a0\ud83e\ude7aDiagnosticul \u015fi managementul clinic al obezit\u0103\u021bii \u0219i supraponderii.<\/p>\n\n\n\n<p>\u00a0\ud83e\ude7aIn cabinetul medical se efectueaz\u0103 HEMOGLOBINA GLICATA din s\u00e2ngele capilar, cu rezultat \u00een 5 minute.<\/p>\n\n\n\n<figure class=\"wp-block-image size-large is-style-rounded\"><img loading=\"lazy\" decoding=\"async\" width=\"902\" height=\"1024\" src=\"https:\/\/cabinetdiabetlugoj.ro\/wp-content\/uploads\/2023\/11\/WhatsApp-Image-2023-11-14-at-20.09.26_7c8fb613-902x1024.jpg\" alt=\"\" class=\"wp-image-57\" style=\"aspect-ratio:4\/3;object-fit:cover\" srcset=\"https:\/\/cabinetdiabetlugoj.ro\/wp-content\/uploads\/2023\/11\/WhatsApp-Image-2023-11-14-at-20.09.26_7c8fb613-902x1024.jpg 902w, https:\/\/cabinetdiabetlugoj.ro\/wp-content\/uploads\/2023\/11\/WhatsApp-Image-2023-11-14-at-20.09.26_7c8fb613-264x300.jpg 264w, https:\/\/cabinetdiabetlugoj.ro\/wp-content\/uploads\/2023\/11\/WhatsApp-Image-2023-11-14-at-20.09.26_7c8fb613-768x872.jpg 768w, https:\/\/cabinetdiabetlugoj.ro\/wp-content\/uploads\/2023\/11\/WhatsApp-Image-2023-11-14-at-20.09.26_7c8fb613-1353x1536.jpg 1353w, https:\/\/cabinetdiabetlugoj.ro\/wp-content\/uploads\/2023\/11\/WhatsApp-Image-2023-11-14-at-20.09.26_7c8fb613-1804x2048.jpg 1804w\" sizes=\"auto, (max-width: 902px) 100vw, 902px\" \/><\/figure>\n","protected":false},"excerpt":{"rendered":"<p>Cabinetul Diabet Zaharat, Nutri\u021bie \u0219i Boli Metabolice Dr. P\u0103duraru Ramona ofer\u0103 urm\u0103toarele servicii medicale: \u00a0\ud83e\ude7aConsulta\u021bii de specialitate pentru diagnosticul \u015fi managementul clinic al Diabetului zaharat tip 1 \u0219i tip 2, Diabetului zaharat gesta\u021bional, Prediabetului (recomand\u0103ri de diet\u0103, modificarea stilului de &hellip; <a href=\"https:\/\/cabinetdiabetlugoj.ro\/?page_id=19\">Continue reading <span class=\"meta-nav\">&rarr;<\/span><\/a><\/p>\n","protected":false},"author":1,"featured_media":0,"parent":0,"menu_order":0,"comment_status":"closed","ping_status":"closed","template":"","meta":{"footnotes":""},"class_list":["post-19","page","type-page","status-publish","hentry"],"_links":{"self":[{"href":"https:\/\/cabinetdiabetlugoj.ro\/index.php?rest_route=\/wp\/v2\/pages\/19","targetHints":{"allow":["GET"]}}],"collection":[{"href":"https:\/\/cabinetdiabetlugoj.ro\/index.php?rest_route=\/wp\/v2\/pages"}],"about":[{"href":"https:\/\/cabinetdiabetlugoj.ro\/index.php?rest_route=\/wp\/v2\/types\/page"}],"author":[{"embeddable":true,"href":"https:\/\/cabinetdiabetlugoj.ro\/index.php?rest_route=\/wp\/v2\/users\/1"}],"replies":[{"embeddable":true,"href":"https:\/\/cabinetdiabetlugoj.ro\/index.php?rest_route=%2Fwp%2Fv2%2Fcomments&post=19"}],"version-history":[{"count":4,"href":"https:\/\/cabinetdiabetlugoj.ro\/index.php?rest_route=\/wp\/v2\/pages\/19\/revisions"}],"predecessor-version":[{"id":76,"href":"https:\/\/cabinetdiabetlugoj.ro\/index.php?rest_route=\/wp\/v2\/pages\/19\/revisions\/76"}],"wp:attachment":[{"href":"https:\/\/cabinetdiabetlugoj.ro\/index.php?rest_route=%2Fwp%2Fv2%2Fmedia&parent=19"}],"curies":[{"name":"wp","href":"https:\/\/api.w.org\/{rel}","templated":true}]}}